 + 12/8. What is z(c)?
-20
Let j(c) = 2*c**2 - 10*c - 14. Let z(u) = -u**2 + 30*u + 357. Let x be z(39). Calculate j(x).
-2
Let c(v) = 5*v**2 - 3*v + 2. Suppose -27*x = -29*x + m + 4, 5*x - m = 7. What is c(x)?
4
Let z = -240 - -235. Let h(g) = g**2 + 3*g + 3. Determine h(z).
13
Let m(s) = -4 - s**2 + 0 + 1 + 2*s**2 - 4*s. Let f be 81/15 + 15/25. Calculate m(f).
9
Let h(m) = -m**2 - 8*m - 4. Let b be h(-7). Suppose b - 6 = -3*x. Let j(t) = -t**3 + 2*t**2 - 1. Calculate j(x).
0
Let p(m) = 7 + 5*m**2 - 6*m**2 + 0*m**2 + 6*m. Let j be 4/(80/12 + -6). Determine p(j).
7
Let x(d) = -26*d**2 - 4*d - 21. Let g(y) = -5*y**2 - y - 4. Let p(i) = 11*g(i) - 2*x(i). Suppose 3*t = -2 - 4. Calculate p(t).
-8
Let f(n) = -2*n + 5. Suppose 0 = 5*y - y + 20, -5*r + 5*y + 60 = 0. Determine f(r).
-9
Let g(r) be the third derivative of -r**4/24 + 3*r**3 - 500*r**2. What is g(11)?
7
Let k(n) = 6*n**3 - 2*n - 1. Let u be 3601/143 - 4/22. Let x = u + -26. What is k(x)?
-5
Let s(m) = 4*m - 4. Let t(x) = x - 2. Let r(f) = s(f) - 3*t(f). What is r(0)?
2
Let j = -12 - -6. Let p(x) be the second derivative of -x**4/12 - x**3 - x**2 - 305*x + 1. Calculate p(j).
-2
Let r(t) be the first derivative of t**2/2 - 27*t - 24. Give r(20).
-7
Let f(b) = -6*b**3 + b**2 - 2*b - 2. Let d be f(-1). Let g(t) = 5*t**2 - 9*t**2 + t**3 + d - 4*t + 0*t. Calculate g(5).
12
Let n(i) = i**2 - 5*i - 7. Let r = 659 + -654. Determine n(r).
-7
Let h be (-16)/((-352)/(-33))*(-52)/(-6). Let m(v) = v**3 + 12*v**2 - 12*v + 6. Give m(h).
-7
Suppose -2*q - 3 = 5*o, 0*o + o = 2*q - 3. Let r = o + 0. Let k(t) = -302*t**2 + 149*t**2 + 0*t**3 + 8*t**3 + 151*t**2 - 9*t**3 + 1. Calculate k(r).
0
Let n(b) = -5*b + 15. Let a(s) = -1. Let i(h) = -h. Let v(y) = -3*a(y) + i(y). Let x(j) = -4*n(j) + 22*v(j). Calculate x(5).
-4
Suppose 8 = 2*y + 3*y - 2*l, y = -5*l + 7. Suppose p = -5*i - 20, -p - p = -4*i - y. Let q(t) = t**3 + 4*t**2 - 5*t + 2. Determine q(p).
2
Let z(b) = 2*b**3 - b**2 - b + 6. Let k(w) = -w**3 - 1. Let g(l) = -6*k(l) - z(l). Suppose -3*m + m - 2 = 0. Calculate g(m).
-4
Let s(p) = -25*p. Let o(n) = -58*n - 1. Let y(z) = -3*o(z) + 7*s(z). Determine y(3).
0
Suppose -3*j = -j + 4*x + 50, -j + x - 16 = 0. Let p = j + 21. Let h(d) = -4*d**2 - d + 3*d**2 + d**3 + 2*d**p - 2 + 2*d. What is h(-2)?
-8
Suppose 3*m - 3 = -d - 0*d, m - 3*d = 1. Suppose 6*l - m = -37. Let o(n) = n**3 + 7*n**2 + 4*n - 7. Give o(l).
5
Let g(y) = 3*y + 1. Let o be (-2)/11 - 1200/176. Give g(o).
-20
Let z(t) = -t**3 + 2*t**2 + 5*t - 2. Let j be (-4)/(-12) + 22/33 - -2. What is z(j)?
4
Let a(f) = 3*f - 2. Let s(j) = -4*j - 2. Let t(o) = -3*a(o) - 2*s(o). Determine t(9).
1
Let r = 19 - 14. Suppose 6 = -11*o + r*o. Let s(n) = n**3 + 3*n**3 + 1 - 3*n**2 + n**2. Give s(o).
-5
Let p(j) = -5*j - 8. Let v = 456 + -463. Give p(v).
27
Let j(h) = -h**2 - 4*h + 2. Suppose 0 = 2*v - 10, 4*v - 30 = -2*k - 0*k. Suppose -13 = 3*l - 3*q + k, -q = 0. What is j(l)?
-10
Let m(i) be the third derivative of -3*i**5/20 - i**4/12 + i**3/6 + i**2. Suppose -305*w - 9 = -314*w. Determine m(w).
-10
Suppose n = -n. Let i(s) = -s**2 - 2*s - 19. Let m(d) = -4*d**2 - 7*d - 65. Let z(a) = -7*i(a) + 2*m(a). Give z(n).
3
Let j(l) = 2*l**3 + 1 - 5*l**3 + 2*l**2 + 2*l - 23*l**3 + 12*l**3. Determine j(-1).
15
Let j(u) = 8*u - 292. Let m be j(36). Let d(x) = 3 - 4*x**2 + 3 + x - x**3 - 3. Calculate d(m).
-1
Let d(i) = -i**2 - 8*i - 11. Let t be ((-50)/20)/(2/4). Calculate d(t).
4
Let c(s) be the first derivative of s**3/3 - 9*s**2/2 - 2*s + 89. What is c(8)?
-10
Let b(l) be the first derivative of l**4/4 - 4*l**3/3 + l**2 - 4*l + 49. Calculate b(3).
-7
Let o(d) = -d**3 + d. Let b be (-1)/(-1) + 0/(-1). Let z be (-5)/10*(-12 - 0). Let c(u) = 7*u**3 - 4*u**2 - 9*u - 6. Let j(p) = b*c(p) + z*o(p). Calculate j(5).
4
Let m be 122/(-14) - 2/7. Let w(y) = 2982*y**2 - 1475*y**2 - 10*y - 10 - y**3 - 1517*y**2. Calculate w(m).
-1
Let p(m) = 21 + 2*m**2 + m**3 - m**2 - m + 0 - 5. What is p(0)?
16
Let l(x) = 6*x**3 + 2*x - 1. Let d(q) = q**2 - 4*q + 1. Suppose 6 = 2*h - 2. Let n be d(h). Give l(n).
7
Let p be 1/(-4) - (135/4)/5. Let f(x) = x. Let i(o) = 3*o - 6. Let n(g) = 4*f(g) - i(g). Calculate n(p).
-1
Let m(f) = -4*f**2 - 3*f + 1. Let a(w) = -w**2 - w. Let x(y) = 5*a(y) - m(y). Suppose -6*u = -2*u - 4. Suppose -k + n + u = k, 5*k + 17 = -4*n. Give x(k).
0
Let c = 653 + -645. Let t(m) = -m**2 + 8*m - 1. What is t(c)?
-1
Suppose 12*l - 72 = 4*l. Let y(n) = n - l + 18 - 10. What is y(2)?
1
Suppose 4*f + 5 = -o, -2*o = -0*o + 3*f. Let m(x) = 3*x**3 - 5*x**3 - 4*x**2 - x**2 + x**o - 2. Give m(-5).
-2
Let x(f) = 64 - f**2 + 50 - 9*f - 104. Let s be 1 - 1 - (-9)/(-1). Calculate x(s).
10
Let a(f) = -f**3 + 11*f**2 - 9*f - 11. Suppose 125 - 205 = -8*r. Determine a(r).
-1
Let u(b) = -b**3 - 20*b**2 + 21*b - 5. Let v be 4411/(-209) + 6/57. Give u(v).
-5
Let d(a) = -47*a + 6*a**2 - 13 + 10 + 47*a. Give d(2).
21
Let y(u) be the first derivative of -u**2/2 - 2*u + 862. Determine y(-5).
3
Let h(i) = -2*i - 1. Let p be 61/(-7) - (-24)/(-84). Let r = -6 - -14. Let k = r + p. Calculate h(k).
1
Suppose -3*g + 5*c + 25 = 0, -g + 20 = -6*g - 4*c. Suppose a + 2*d - 8 = 0, a + 4*d - 6 = 8. Let n(w) = 0 - 2 + a - 1 - w. Calculate n(g).
-1
Let h(z) = z + 4. Let q(w) = 2*w**2 - 51*w - 32. Let s be q(26). What is h(s)?
-2
Suppose 5*w + 34 = 109. Suppose -2*x + 2 = -0*x, -5*v - 5*x = -w. Let z(a) = v*a + 0 - 5 - 2 - 3*a. What is z(-4)?
-3
Let r(f) = -12*f + 2. Suppose 44*b - 25*b = 19. What is r(b)?
-10
Let w(v) be the first derivative of 0*v + 1/120*v**5 - 2 + 0*v**2 + 13/3*v**3 + 1/3*v**4. Let k(z) be the third derivative of w(z). Give k(6).
14
Let b = -480 + 499. Let j(m) = 2*m - 33. What is j(b)?
5
Let m(a) = 0*a + 10*a**2 + a - 8*a**2. Suppose 0 = -2*l + 5*z - 0*z, l = 4*z + 3. Let d = -3 - l. Calculate m(d).
10
Let q(j) = j**2 + 7*j - 2. Suppose -5*l - 30 = -0*l. Calculate q(l).
-8
Let v(t) = -21*t + 1. Let o(d) = 4*d - 98. Let k be o(24). Determine v(k).
43
Let n(o) be the third derivative of o**7/2520 - o**6/360 - o**5/120 + o**4/2 - 10*o**2. Let i(p) be the second derivative of n(p). Determine i(-3).
14
Let v(c) = -189*c + 89*c + 98*c - 7. What is v(5)?
-17
Let u(l) = 2*l**3 + 28*l**2 - 5*l + 32. Let g(m) = m**3 + 15*m**2 - 3*m + 17. Let q(h) = -7*g(h) + 4*u(h). Calculate q(-7).
2
Let q(l) = -l + 13. Let f(h) = -2*h + 14. Suppose 2*k + 5*r - 13 = k, -2*k + 3*r - 13 = 0. Let w(i) = k*f(i) + 3*q(i). Give w(-8).
3
Let f(n) = n - 8. Suppose -5*j + 27 = -7*h + 4*h, 0 = j - 2*h - 4. Give f(j).
-2
Let i = 61 - 12. Suppose 0 = -4*q - 3*q - i. Let p(z) = z**2 + 7*z. Give p(q).
0
Let r(x) be the first derivative of 16 - 12 - x**2 - 18 - 16 - 8*x. Determine r(-6).
4
Let y(l) = 19*l**3 + l**2. Let d(o) = -5*o**2 + 75*o - 1. Let i be d(15). Determine y(i).
-18
Let p(u) = u**3 - 3*u**2 + 12*u - 32. Let t be p(3). Let c(h) = -h**2 + 5*h - 2. Calculate c(t).
2
Let w(n) = -n**2 - 8*n - 1. Let x be -4 - (0 + 25/(-5)). Let m be 15/x - (-9)/3. Suppose -k - m = -10. Give w(k).
-1
Let v(k) = -k**2 - 10*k + 11. Let w be v(-11). Suppose 6 = 3*q - w. Let r(p) = p**3 - p**2 + 3*p - 3. Determine r(q).
7
Suppose 0 = -5*g - 4 - 11. Let i(x) be the second derivative of 8*x - x**2 - 1/2*x**3 + 0 - 1/12*x**4. What is i(g)?
-2
Let d be 1*(-4 + 8)*(1 - 0). Let k be (d + (-15)/3)*5. Let u(w) = -w**3 - 3*w**2 + 6*w - 6. Calculate u(k).
14
Let a(r) = -2*r**2 - 2*r + 0*r**2 + 3*r**2 + 1. Let h be 8 - (-1 - 42/(-6)). Calculate a(h).
1
Let i(p) = -3*p**3 + p + 2. Let v be i(-1). Let m(z) = -4 - 2*z + z + 3*z + z. Determine m(v).
8
Let w = -192 + 133. Let c = w + 55. Let s(q) = -2 - 5*q**2 + 4*q**3 + 5 - 5*q - 5*q**3. What is s(c)?
7
Let s(o) = -o**2 - 7*o - 2. Suppose -h - 6 = -3*h. Let d be 2/(-5)*(-22 - h). Suppose 5*p + 17 = -g, -2*g = 3*g + d. Calculate s(p).
10
Let l(b) be the second derivative of 14*b - 1/6*b**3 + 4*b**2 + 0. Suppose -6 = c - 2*c. Give l(c).
2
Let l(f) be the first derivative of -f**3/3 - 3*f**2/2 - 3*f - 146. Calculate l(-1).
-1
Let i(p) = 2*p**2 + 2*p - 3. Let f be i(-5). Let j = 37 - f. Let u(g) = g**2 + g - 8. Determine u(j).
-8
Let m(z) = 35*z**2 + 6*z + 13. Let c(k) = -13*k**2 - 2*k - 5. Let p(a) = 8*c(a) + 3*m(a). Give p(-3).
2
Let s(i) be the second derivative of i**5/4 + i**4/12 + i**3/6 + i**2/2 -